 w(b) = b**3 - 9*b**2 + 3*b - 1. Let l be w(9). Let s = -42 - -37. Let d be 4 + s + 4 - 49/(-1). What is the highest common divisor of d and l?
26
Let y be 864/90 - ((-42)/(-120) + (-6)/8). What is the highest common factor of 5870 and y?
10
Let u = -171 + 242. Let p = u + -71. Suppose -g - 3*k + 26 = -352, p = -2*g + 2*k + 716. What is the greatest common factor of 33 and g?
33
Suppose y = -3*x + 433, 3*y + 17 - 164 = -x. Suppose -116*b = -122*b + 54. Calculate the highest common factor of b and x.
9
Suppose -3*g = 5*v + 153, 10*g = -2*v + 9*g - 61. Let s be (-12)/v - ((-10048)/(-20))/(-4). What is the greatest common factor of 54 and s?
18
Suppose -5*y = -2*x + 49, -3*y + y = -2*x + 34. Let l be -7 + 260 - (-1 + 2). Calculate the highest common factor of l and x.
12
Let l(f) = -17*f + 191. Let q be l(3). What is the greatest common factor of 175 and q?
35
Let a be (((-4176)/(-90))/29)/(1/305). What is the highest common divisor of 104 and a?
8
Suppose 217821 = 174*c - 14643. Calculate the greatest common divisor of c and 8.
8
Let m = 12006 + -11610. What is the highest common divisor of 3069 and m?
99
Let a(x) = x**3 + 2*x**2 - x. Let s be a(-3). Let n be (-36)/(-24)*(-32)/s. Calculate the highest common factor of n and 144.
8
Suppose -86*m + 945 = -65*m. Calculate the greatest common factor of 3735 and m.
45
Let h = -1651 + 1674. Calculate the greatest common factor of 391 and h.
23
Suppose 423*d + 310 = 424*d - 3*l, 5*d + 3*l - 1406 = 0. Calculate the highest common divisor of d and 2691.
13
Let l(x) = 6*x + 60. Let p be l(-8). Suppose y + 5 - 21 = 0. Let h = y - 13. What is the highest common divisor of h and p?
3
Suppose -4*l + 4*a + 39488 = 0, -4*l + 39506 = 3*a - 4*a. What is the highest common factor of 2 and l?
2
Let q = 445 - 301. Let n = -1612 - -1630. Calculate the highest common factor of q and n.
18
Let u(o) = -2*o + 62. Let l be u(30). Let x be 630/(-28)*((-32)/10)/l. What is the highest common factor of x and 60?
12
Let v = 50 - 41. Let p be (-2 - -23)*27/v. What is the greatest common divisor of 171 and p?
9
Let y = -5327 - -7721. What is the greatest common factor of 72 and y?
18
Let q(i) be the second derivative of -7*i**3/6 + 9*i**2/2 + 4*i. Let f = -124 + 118. Let m be q(f). What is the highest common factor of 17 and m?
17
Let f(v) = -153*v + 113. Let z(l) = 382*l - 280. Let j(p) = -12*f(p) - 5*z(p). Let k be j(-4). Calculate the greatest common factor of 20 and k.
20
Let a(n) = -12*n - 112. Let h be a(-11). Suppose 6*u = h*u - 210. Calculate the highest common factor of 9 and u.
3
Let z(x) = 25*x + 20. Let a be z(6). Suppose -5*h - 161 = -4*i, 2 = -2*h - 8. Calculate the greatest common factor of a and i.
34
Suppose 5*l + 240 = -5*z, -6*l + 5*l + 144 = -3*z. Let h be ((-14)/12)/(8/z). What is the greatest common divisor of 21 and h?
7
Let b = 189 + -190. Let t be 17 - (2/2 - b). What is the highest common divisor of t and 18?
3
Let z be 15/10 - 2 - (0 - 183/6). What is the highest common divisor of 1050 and z?
30
Suppose 4*p - 1727 = -383. Let q be (-1 + -2 + 21 + 2160/(-50))*-5. What is the greatest common factor of p and q?
42
Suppose 0 = -10*z - 7*z + 2540 + 826. What is the highest common factor of z and 1947?
33
Suppose 5*r + s - 2*s = 189, 4*r - 149 = 3*s. Let p(x) = x**3 + 7*x**2 + 13*x + 44. Let t be p(-6). What is the highest common factor of r and t?
2
Suppose 5*r - 2*k - 10 = 0, -2*r + 4*r - 4 = 3*k. Suppose 4*n = o + 2*o + 1331, -r*o + 977 = 3*n. Calculate the highest common factor of n and 7.
7
Suppose 0 = 72*p - 67*p - 5*b - 3915, p + 3*b = 791. Calculate the highest common factor of 60 and p.
5
Suppose -2*s = -5*a + 17, s = 4*a - 9*a + 14. Let c be 6/s*13/(-26) + 33. What is the highest common factor of 9 and c?
9
Let o be (-3)/(-4) - 138/(-8). Suppose 4*i + 10*i = 588. Calculate the greatest common factor of i and o.
6
Suppose 36*o - 6571 = -295 + 780. What is the greatest common factor of 8 and o?
4
Let o be (((-2080)/15)/(-26))/((-3)/(-36)). Calculate the greatest common factor of o and 2272.
32
Suppose -336*n + 247779 + 557613 = 0. Calculate the greatest common divisor of n and 136.
17
Let a(k) be the first derivative of 76*k**3 - k + 4. Let g be a(-1). Suppose 5*t - 153 = g. Calculate the highest common factor of t and 19.
19
Let p(v) = -11*v - 28. Let g be p(-13). Suppose w - g = 3*q, 0 = -4*q + 2*w - w - 154. Let d = q + 48. What is the highest common divisor of 18 and d?
9
Let s = 5298 + -4874. Calculate the greatest common divisor of s and 8.
8
Let j = 2187 + -2139. Let w = 68 + 364. What is the highest common divisor of j and w?
48
Let i be (-6 + 36/(-8))/(3*(-2)/148). Calculate the greatest common factor of i and 581.
7
Suppose 380151 + 975778 - 31657 = 94*n. What is the highest common divisor of 24 and n?
24
Suppose 3*g - 11*g + 80 = 0. Let v = -59 - -66. Let n(u) = -u**3 + 8*u**2 - 4*u - 15. Let z be n(v). Calculate the greatest common divisor of g and z.
2
Suppose -5*s - 5*t = -5, -5*t + 32 = -s - 3*s. Let d be (-2 - (-8)/4) + s - 1. Let k be (-2)/((d/(-50))/(-1)). What is the greatest common factor of k and 5?
5
Let g be (-30)/85 + 28402/34. What is the greatest common divisor of 12191 and g?
167
Suppose -4*j - 10 = -9*j. Let p(l) = -7*l - 4 - 8*l**3 - 2*l - 6*l**3 - 8*l**j + 13*l**3. Let s be p(-7). What is the highest common divisor of 30 and s?
10
Let d(x) = -x**2 + 195*x - 3906. Let r be d(24). Calculate the greatest common factor of 550 and r.
22
Let j be (9702/35)/7*(-15)/(-9). Calculate the highest common factor of 352 and j.
22
Let d = -60 + 98. Let s(u) = 28*u**2 + 15*u + 40. Let p be s(-3). What is the greatest common divisor of p and d?
19
Let i = -4454 - -5648. What is the greatest common factor of 6 and i?
6
Let j(m) = -m**3 + m**2 + m - 32. Let f be j(0). Let v = 11 - f. Suppose 5*u = 2*q - v, -3*q + 4*u - 100 = -7*q. What is the highest common divisor of q and 32?
8
Suppose 7*l + 7*l = 252. Let p = 51 - 53. Let y be (24/(-10))/(p/((-120)/(-4))). What is the highest common divisor of y and l?
18
Let c be ((-7)/21)/((-21)/(-9) - 2). Let y be (c + -110)*(90/(-27) - -3). Let z = 789 + -382. What is the greatest common factor of y and z?
37
Suppose 3*z - 436 = 2*n, -3*z = 18*n - 21*n - 435. Calculate the greatest common divisor of 1533 and z.
73
Let m = 32 - 29. Let f(j) = j**3 + 3*j**2 - 5*j - 2. Let b be f(-4). Suppose 18 = m*t - b*t. What is the highest common factor of 9 and t?
9
Let i = 17122 + -15332. What is the highest common divisor of i and 40?
10
Let b(u) = u**3 + 3*u**2 - 12*u - 10. Let r be b(-5). Suppose r = -5*g, -5*a + 5*g - 330 = -10*a. Calculate the highest common divisor of a and 231.
33
Let m = -66 + 67. Let j be (15/25)/(m + 64/(-65)). Let y(a) = -14*a**3 - a**2 + 2*a + 2. Let x be y(-1). Calculate the highest common factor of x and j.
13
Let d be -4 - (42/8)/((-24)/5312). Calculate the greatest common factor of d and 30.
6
Let y = -6043 + 6176. Let u = -60 - -103. Let b = u + -24. Calculate the highest common factor of b and y.
19
Suppose 0 = 5*x + 2*b - 45, -850*x + 852*x + 5*b - 18 = 0. Suppose 0 = -5*q + 2*t + 1665, 0*q = q - 3*t - 333. Calculate the highest common factor of x and q.
9
Let d = -79 - -111. Let z be d + 7/(28/(-8)). Calculate the highest common divisor of z and 390.
30
Let g be (-5)/(5/14) + 2246. Calculate the highest common factor of g and 72.
72
Suppose 3*u - 4*y - 175 = 0, -152 - 33 = -3*u - y. Suppose -5*o + u = a, 0 = -o - 0*a + a + 11. Calculate the highest common factor of o and 8.
4
Let k be -6 + 32030/30*9/3. Calculate the greatest common factor of 69 and k.
23
Let i = 4341 + -4125. Calculate the highest common divisor of i and 1431.
27
Let l be 52/14 - (-2)/7. Suppose t = l*t - 36. Suppose -111*s + 231*s - 101*s - 912 = 0. What is the greatest common divisor of s and t?
12
Let b be (8 - 0) + (-77100)/(-150). Calculate the highest common factor of 232 and b.
58
Let s(w) = -w**2 + 12*w + 25. Let a be s(12). Suppose 33*p - a*p - 64 = 0. Suppose -3*i + p*i = 155. Calculate the highest common factor of i and 341.
31
Let y = 33 + -32. Let r(x) = -3 - 2 - y + 3*x. Let n be r(4). Calculate the greatest common divisor of 4 and n.
2
Suppose 61*v + 6120 = 53*v. Let m = -594 - v. Calculate the highest common divisor of m and 456.
57
Let 